e prime factors of 510173?
59, 8647
List the prime factors of 976034.
2, 401, 1217
What are the prime factors of 219332?
2, 54833
What are the prime factors of 24699601?
19, 1299979
List the prime factors of 6057702.
2, 3, 7, 131, 367
What are the prime factors of 2765621?
19, 47, 163
List the prime factors of 16440554.
2, 13, 632329
What are the prime factors of 20267383?
17, 1192199
List the prime factors of 836747.
836747
What are the prime factors of 65460?
2, 3, 5, 1091
List the prime factors of 174608.
2, 7, 1559
List the prime factors of 349210.
2, 5, 47, 743
What are the prime factors of 162578?
2, 13, 37
What are the prime factors of 1522005?
3, 5, 101467
What are the prime factors of 3742864?
2, 449, 521
What are the prime factors of 974150?
2, 5, 19483
What are the prime factors of 4432156?
2, 37, 29947
What are the prime factors of 420574?
2, 7, 11, 2731
List the prime factors of 4251320.
2, 5, 23, 4621
What are the prime factors of 72782?
2, 151, 241
List the prime factors of 2117723.
2117723
List the prime factors of 1885047.
3, 19, 33071
List the prime factors of 103912.
2, 31, 419
List the prime factors of 820098.
2, 3, 15187
List the prime factors of 1442768.
2, 90173
List the prime factors of 1116161.
409, 2729
What are the prime factors of 13704533?
17, 199, 4051
List the prime factors of 18595761.
3, 6198587
List the prime factors of 21224813.
21224813
What are the prime factors of 2133693?
3, 383, 619
What are the prime factors of 9465152?
2, 71, 2083
List the prime factors of 15605858.
2, 7802929
What are the prime factors of 8568452?
2, 59, 36307
What are the prime factors of 1231586?
2, 615793
List the prime factors of 1606375.
5, 71, 181
What are the prime factors of 11234668?
2, 2808667
List the prime factors of 3935838.
2, 3, 37, 17729
List the prime factors of 305754.
2, 3, 131, 389
List the prime factors of 32527.
11, 2957
What are the prime factors of 766562?
2, 383281
What are the prime factors of 1027649?
7, 146807
List the prime factors of 17538792.
2, 3, 730783
List the prime factors of 397061.
7, 131, 433
What are the prime factors of 7388401?
2083, 3547
What are the prime factors of 641468?
2, 160367
What are the prime factors of 115238?
2, 157, 367
What are the prime factors of 205679?
89, 2311
List the prime factors of 6071247.
3, 7, 13, 353
List the prime factors of 3742930.
2, 5, 374293
List the prime factors of 234738.
2, 3, 7, 23
What are the prime factors of 135687?
3, 31, 1459
List the prime factors of 8788944.
2, 3, 19, 23, 419
What are the prime factors of 701257?
701257
List the prime factors of 231423.
3, 77141
What are the prime factors of 192479?
7, 31, 887
What are the prime factors of 1547442?
2, 3, 13, 17, 389
List the prime factors of 1097461.
1097461
What are the prime factors of 7967414?
2, 7, 13, 43777
What are the prime factors of 10738788?
2, 3, 223, 4013
What are the prime factors of 186163?
186163
What are the prime factors of 14526210?
2, 3, 5, 484207
List the prime factors of 1440520.
2, 5, 36013
What are the prime factors of 899348?
2, 29, 7753
List the prime factors of 4614379.
7, 11, 1223
List the prime factors of 550224.
2, 3, 3821
List the prime factors of 143788.
2, 103, 349
List the prime factors of 501919.
11, 103, 443
List the prime factors of 11391829.
241, 47269
What are the prime factors of 10556845?
5, 13, 162413
List the prime factors of 7456657.
13, 181, 3169
List the prime factors of 1268131.
53, 71, 337
What are the prime factors of 568648?
2, 71081
List the prime factors of 750326.
2, 375163
List the prime factors of 124633.
124633
What are the prime factors of 1585909?
13, 121993
List the prime factors of 522132.
2, 3, 13, 3347
What are the prime factors of 721403?
47, 15349
What are the prime factors of 245323?
13, 113, 167
What are the prime factors of 197709?
3, 59, 1117
List the prime factors of 1174655.
5, 234931
What are the prime factors of 4417474?
2, 2208737
List the prime factors of 394071.
3, 131357
What are the prime factors of 63030?
2, 3, 5, 11, 191
What are the prime factors of 3132324?
2, 3, 13, 23, 97
What are the prime factors of 15557045?
5, 7, 444487
List the prime factors of 914204.
2, 19, 23, 523
List the prime factors of 9459863.
7, 199, 6791
List the prime factors of 2190761.
293, 7477
What are the prime factors of 40007955?
3, 5, 13, 199, 1031
List the prime factors of 568860.
2, 3, 5, 19, 499
What are the prime factors of 153030?
2, 3, 5, 5101
What are the prime factors of 563604?
2, 3, 67, 701
List the prime factors of 2751268.
2, 13, 157, 337
List the prime factors of 139938.
2, 3, 83, 281
What are the prime factors of 469542?
2, 3, 139, 563
List the prime factors of 207097.
11, 67, 281
List the prime factors of 207066.
2, 3, 34511
List the prime factors of 583337.
583337
What are the prime factors of 889483?
7, 31, 4099
What are the prime factors of 1032195?
3, 5, 68813
What are the prime factors of 21285?
3, 5, 11, 43
What are the prime factors of 6204451?
11, 564041
What are the prime factors of 92343?
3, 30781
What are the prime factors of 5508141?
3, 1836047
What are the prime factors of 7915899?
3, 2638633
List the prime factors of 930269.
930269
What are the prime factors of 2501498?
2, 1250749
List the prime factors of 615381.
3, 13, 31, 509
List the prime factors of 1266270.
2, 3, 5, 42209
List the prime factors of 232319.
29, 8011
List the prime factors of 14842287.
3, 19, 29, 41, 73
What are the prime factors of 327634?
2, 107, 1531
List the prime factors of 739909.
739909
List the prime factors of 888665.
5, 89, 1997
What are the prime factors of 157615?
5, 29, 1087
What are the prime factors of 728768?
2, 59, 193
What are the prime factors of 4518457?
709, 6373
What are the prime factors of 96916?
2, 24229
List the prime factors of 425711.
11, 13, 229
List the prime factors of 515941.
515941
What are the prime factors of 465994?
2, 19, 12263
What are the prime factors of 208585?
5, 13, 3209
List the prime factors of 259606.
2, 129803
List the prime factors of 8173404.
2, 3, 89, 2551
List the prime factors of 1636207.
67, 24421
List the prime factors of 287180.
2, 5, 83, 173
List the prime factors of 4806297.
3, 19, 347
List the prime factors of 1730334.
2, 3, 288389
List the prime factors of 14156716.
2, 7, 17, 29741
List the prime factors of 1190551.
509, 2339
What are the prime factors of 11351998?
2, 7, 41, 19777
What are the prime factors of 53347?
7, 7621
What are the prime factors of 305501?
7, 19, 2297
List the prime factors of 9644.
2, 2411
What are the prime factors of 509698?
2, 7, 743
What are the prime factors of 203838?
2, 3, 53, 641
What are the prime factors of 22251862?
2, 31, 358901
List the prime factors of 4573994.
2, 349, 6553
List the prime factors of 10382339.
11, 943849
What are the prime factors of 14049051?
3, 4683017
What are the prime factors of 35763623?
7, 71, 227, 317
What are the prime factors of 348327?
3, 7, 19, 97
What are the prime factors of 47898?
2, 3, 887
List the prime factors of 327308.
2, 47, 1741
List the prime factors of 247151.
59, 71
List the prime factors of 236483.
13, 18191
List the prime factors of 2500535.
5, 500107
List the prime factors of 528501.
3, 113, 1559
What are the prime factors of 475525?
5, 23, 827
What are the prime factors of 37385?
5, 7477
List the prime factors of 169932.
2, 3, 7, 17
What are the prime factors of 726457?
726457
List the prime factors of 1513997.
103, 14699
What are the prime factors of 10236864?
2, 3, 11, 37, 131
List the prime factors of 7587382.
2, 11, 353, 977
List the prime factors of 867551.
331, 2621
What are the prime factors of 143402?
2, 7, 10243
What are the prime factors of 2646727?
173, 15299
List the prime factors of 84172.
2, 11, 1913
List the prime factors of 1016277.
3, 17, 19927
What are the prime factors of 406170?
2, 3, 5, 4513
List the prime factors of 3844560.
2, 3, 5, 83, 193
List the prime factors of 228786.
2, 3, 17, 2243
What are the prime factors of 1943227?
11, 13, 107, 127
What are the prime factors of 5439627?
3, 313, 1931
What are the prime factors of 4281385?
5, 856277
What are the prime factors of 20800325?
5, 7, 13, 41, 223
List the prime factors of 1206370.
2, 5, 11, 997
What are the prime factors of 8